 9*b - 20*b + 5*b + 168 + 12*b - 175. Calculate h(4).
17
Let y(z) be the second derivative of z**4/12 + z**3 + z**2/2 + 1523*z. Suppose -s - 25 = 4*s. Give y(s).
-4
Let d(o) be the second derivative of -o**4/12 + 7*o**3/6 + 16*o**2 - 66*o. Let a be d(10). Let i(x) = -2*x**2 + x + 1. Calculate i(a).
-5
Suppose z - 22 = -3*q, 2*z = 4*q - 2*z - 8. Suppose -c - 7*r + 10*r + 2 = 0, -5*c + r = -52. Let n(i) = 28 - 10 - 8*i - q - c. Calculate n(-1).
9
Let q(c) = -9*c - 16. Let z be (-1 - (-5)/(-15))/((60/(-9))/(-10)). Determine q(z).
2
Let i(v) = 3*v**2 - 6*v - 1. Let t = -3657 + 3660. Give i(t).
8
Let a(c) be the third derivative of c**6/120 - 29*c**5/60 - 5*c**4/4 - c**3/2 + 48*c**2 + 25. What is a(30)?
-3
Let m(a) = -a**2 - a + 37. Suppose -15*c = 4*c - 31*c + 72. What is m(c)?
-5
Let r(i) = 4*i - 42. Let m be r(15). Suppose -4*n + 22 = a, -3*a - 2 = -m*n + 13*n. Let b = a + -8. Let f(k) = -k**3 - k**2 + 3*k + 1. Calculate f(b).
-1
Let y(c) = 4*c**3 + 71*c**2 - 18*c - 56. Let a(m) = m**3 + 17*m**2 - 5*m - 14. Let v(i) = -17*a(i) + 4*y(i). Calculate v(-7).
21
Suppose 0 = -4*p - 3 - 13. Let c(h) be the first derivative of h**4/4 + 5*h**3/3 + 5*h + 103. What is c(p)?
21
Let i be 2*(1 + -4) + 2. Suppose 4*g - 18240 = -4*b, -53*b = -50*b - 5*g - 13712. Let r(l) = 2283*l + 3 - b*l + 2285*l + l**2. What is r(i)?
3
Let c = -2 + 3. Let o be c/(2 + (-2 - -1)). Let q(t) be the third derivative of t**4/4 + 4186*t**2 - 2. Give q(o).
6
Suppose 5*h = 2*h + 6. Let s(a) = h*a - 6*a + 1 + 0*a. Let w be -1 - ((-24)/3)/4. What is s(w)?
-3
Let l(o) = -o - 7. Suppose 0 = -3*x + 5 + 31. Suppose 8*a - 5*a = x. Suppose -a*f = 7*f + 55. Calculate l(f).
-2
Let x be (1/1)/(1/(-2)). Let v(w) = 3*w**3 + 6*w**2 + 2*w - 2. Let s be v(x). Let k(c) = 6*c + 28. Give k(s).
-8
Let j(r) = -3*r - 7. Let v(x) = -x - 3. Let g(n) = 3*j(n) - 7*v(n). Let s be ((-4)/(-8))/((-3)/(-7626)). Let u = s + -1270. What is g(u)?
-2
Let s(b) = 10*b - 431159 - b + 431149. What is s(1)?
-1
Suppose 2*m - 6 = 5*j + 13, -5*j - 43 = -4*m. Let s(z) = -z**3 + 14*z**2 - 22*z - 12. What is s(m)?
12
Let t(j) = -j**2 - 5*j + 2. Let a be t(-4). Let d(y) = 0*y**2 + 4*y**2 - a*y**2 + y + 1 + y**3. Let l(c) = -4*c**2 + 195*c - 2293. Let h be l(29). Give d(h).
-17
Let p(a) = a**3 - 20*a**2 - a - 4. Suppose 67*o - 63*o = -5*l + 120, 2*o - 32 = l. Determine p(o).
-24
Let y(d) be the first derivative of 1/3*d**3 - 4*d**2 + 39 + 4*d. What is y(8)?
4
Let q(j) = 3*j**2 + 4*j**3 + j + 2 - 3*j**3 - 5*j. Let t be (0 + -5)/((-465)/(-60) - 9)*-1. Determine q(t).
2
Let p(y) = 28*y - 80351*y**2 - 81 - 67 + 80350*y**2 - 34. What is p(16)?
10
Let q(d) = 4 + 2*d**2 - 14*d**2 + 9*d + 11*d**2 - 15*d. Calculate q(-3).
13
Let r = -429 + 427. Let h(b) = -28 + 57 + 7*b - 26. Give h(r).
-11
Let a(b) = b**2 - 11*b. Suppose 346 = 4*z - 2*j, 12*z + 5*j + 153 = 14*z. Let h = z - 80. Determine a(h).
-18
Let i(c) = 72*c**3 + 16*c**2 + 64*c + 16. Let v(k) = 31*k**3 + 7*k**2 + 28*k + 7. Let w(x) = 7*i(x) - 16*v(x). Determine w(-1).
-8
Let y(q) be the third derivative of q**6/120 + 3*q**5/20 - q**4/6 - 8*q**3/3 - 188*q**2 + 12. Determine y(-7).
110
Let w(j) = j - 14. Let p(r) = 4*r + 108. Let z be p(0). Suppose m = -3*a + 14, 3*a + z = 4*m + 2*a. Let h = m - 16. Calculate w(h).
-4
Let d(p) = -20*p**2 - 45*p - 110. Let o(k) = -11*k**2 - 22*k - 54. Let j(u) = -6*d(u) + 11*o(u). Let b(v) be the first derivative of j(v). Calculate b(18).
-8
Suppose 41*m = -3*m - 8580. Let n = -194 - m. Let a(t) = -25*t**2 - t. Determine a(n).
-26
Let c(r) = -14*r**2 + 15*r - 11. Let t = 475 + -470. Let w(b) = 11*b**2 - 14*b + 13. Let v(m) = t*w(m) + 4*c(m). Give v(-12).
-3
Let n(k) = 9*k**3 + k**2 - 2*k + 1. Suppose -4*t + 14 = -l, -2*l - l - 3 = t. Suppose -j + 5*x - 14 = 0, -j + t*x = j. Suppose j*s = -4 + 10. What is n(s)?
9
Suppose 300*g + 5*g - 2135 = 0. Let n(q) = -2*q**2 + 13*q + 1. Calculate n(g).
-6
Suppose 2*l - 73 = -0*l - 3*z, -3*z = -15. Let a = l + -27. Let m(t) = 19*t**2 + 21*t**a - 44*t**2 - 1 + 3*t. Determine m(3).
-28
Let t(o) be the third derivative of -o**5/60 + 5*o**4/24 + o**3/2 - 8*o**2. Let s(n) = 29*n + 490. Let r be s(-17). Calculate t(r).
-21
Let k(x) = 7*x**3 + x**2 - x. Let r be (-1)/(((-6)/2)/21). Suppose 0 = -r*g + 4*g + 9. Suppose 3*t - 5*z - 28 = 0, -5*t = 4*z + 18 - g. Determine k(t).
7
Let i(l) = l**3 - 7*l**2 - 9*l + 2. Let t(s) = -3*s**3 + 15*s**2 + 21*s - 4. Let z(f) = 5*i(f) + 2*t(f). Calculate z(-5).
17
Let a = -22 + 25. Suppose -s + 15 = a. Suppose 4*l - 12 = 0, -4*b + 5*l - s = -3*b. Let v(m) = -m**3 + 3*m**2 + 2*m - 1. What is v(b)?
5
Let b = 1093 - 1101. Let v(p) be the third derivative of 1/6*p**3 + 0 + 1/60*p**5 + 3*p**2 + 0*p + 1/3*p**4. Give v(b).
1
Let f(v) = v**3 + v**2 - 2*v + 2. Let j be f(0). Let k(i) = -22*i + 13. Let a(o) = -3*o + 3. Let x(p) = -5*a(p) + k(p). Determine x(j).
-16
Let w(k) = -k**2 - k - 1. Let q(b) = -b**3 + 22*b**2 + 24. Let a(x) = q(x) + w(x). Let n be a(21). Let c(l) = 9 + n*l**2 - 3*l**2 - 8 + 6. Determine c(0).
7
Suppose -5*f + 9 = -d, -3*d = -2*f - 0 + 1. Suppose -28 = f*c - 2. Let w(p) = p**2 + 13*p - 7. What is w(c)?
-7
Let q be 5/(-1)*16/(-20). Let m(w) = 8*w - 15. Let o(d) = -2*d + 3. Let s(g) = m(g) + 3*o(g). What is s(q)?
2
Let z(h) = 0*h**2 + 2*h**2 + 4 - 408*h + 794*h - 393*h. Suppose -4*d - 4 + 0 = 0. Let b be (d + -1)*-1 + 2. Give z(b).
8
Let v(l) = -178531*l**2 + 178533*l**2 + 2 - 27*l + 21*l**3 + 24*l. Determine v(1).
22
Let j(o) = -13*o**2 + 8*o + 46. Let r(a) = 2*a**2 - 2*a + 1. Let p(y) = -j(y) - 6*r(y). What is p(-9)?
-7
Let s be 2/((-6)/3) - -3. Let w(k) = -s*k**2 + 0*k**2 - 3 + k**2 - 4*k. Suppose -l = -4*b - 10, -284*b - 3*l + 2 = -289*b. Give w(b).
-3
Let j(b) = 3*b**3 - 4*b**3 - 55984 - 5*b - 7*b**2 + 55979. Let q be 42/21 + -1 + -7. Determine j(q).
-11
Suppose -9 = -5*x + 21. Let r(f) = 1363*f**2 - 4*f - 2735*f**2 + 1367*f**2 + 3 + f**3. What is r(x)?
15
Let l(b) = -2*b**2 + 40*b + 3675. Let o be l(-34). Let s(p) = p**3 - 4*p**2 + 3*p + 2. Let u be s(3). Let t(c) = -u*c**2 - 3 + c**3 - c + 3. Determine t(o).
6
Suppose 0 = -g + 3*u + 78, -12*g - 3*u + 102 = -11*g. Let v be 1 + g/(-12)*(-6)/9. Let j(x) = -x**2 + x + 5. Calculate j(v).
-25
Let p(s) = -s**3 + s**2 - 6*s + 1. Let h(q) = 2*q - 3 + 3*q**3 + 11*q - q**2 + 2. Let w(f) = -2*h(f) - 5*p(f). Suppose 87*d + 142 + 206 = 0. Calculate w(d).
-3
Let q(d) be the second derivative of d**4/12 - 7*d**3/3 + 13*d**2 + 600*d. Give q(12).
2
Suppose 982 = 5*b + 952. Let f(s) = -s**2 - s + 18. Let k(t) = t**2 + t - 16. Let q(y) = b*k(y) + 5*f(y). What is q(0)?
-6
Let w(b) = 36 + 27*b + 28*b**2 - 172*b**3 + 36 + 87*b**3 + 84*b**3. Determine w(29).
14
Suppose 0*b - 2*b + 5*k = 1, -4*b = 4*k - 12. Suppose 0 = 3*y + b*y + 45. Let q(c) = -237 - c + 466 - 230 + 4*c + 6*c + c**2. What is q(y)?
-1
Let p = 0 - -3. Let s be (5 + -4 - p) + 3. Let n(b) = -3*b**2 - s - b + b. Determine n(1).
-4
Suppose 0 = 3*n - 12 - 3. Let p(l) = l**2 - 1. Let h(f) = -3*f**2 - 4*f - 2. Suppose -2*g = -5*g - 3. Let d(z) = g*h(z) - 4*p(z). What is d(n)?
1
Let q(l) = 28 - 62 - l + 41. Let x be q(4). Let y(b) = 161 - 161 + x*b**2 - b. Give y(1).
2
Suppose 105*c - 2*r = 110*c - 38, -5*c + 5*r + 10 = 0. Let l(b) = -b**3 + 4*b**2 + 11*b + 1. Determine l(c).
-5
Let b(f) be the second derivative of 1/3*f**4 + 2/3*f**3 + 4 - 1/20*f**5 + 3*f + 1/2*f**2. Determine b(5).
-4
Let c(h) = -h**2 + 22*h - 12. Let l be -6*(-16)/12*(-4 - 357/(-68)). Determine c(l).
108
Suppose -21*h + 17*h + 28 = 0. Let y(q) = 2*q**2 - 8*q - 20. Let t(j) = j**2 - 4*j - 10. Let p(d) = 13*t(d) - 6*y(d). Determine p(h).
11
Let b(h) = 818*h + 12310 - 807*h - 12314 + 2*h**2. What is b(-6)?
2
Suppose -3*p - 2*c - 81 = c, 3*p + 71 = -c. Let w(b) = b**3 + 22*b**2 + b + 23. Let h be w(p). Let i(x) = -h + 3*x + 5*x - 2*x + x**2 - 3*x. What is i(-2)?
-3
Let w(f) = -3*f**3 + 2*f**2 - 2*f - 1. Let p(g) = -16*g**3 - 21*g - 17. Let k(z) = -p(z) + 5*w(z). Determine k(-9).
-6
Let s(i) = -9*i**2 + 22*i + 5. Let v(r) = r**2 + 2. Let q(m) = -s(m) - 6*v(m). Give q(8).
-1
Let r(z) = 7*z**2 + 28*z + 15. Let c(d) = -d**2 + d. Let t(b) = 3*b**2 - 19*b - 8. Let i(v) = -6*c(v) - t(v). Let l(m) = -5*i(m) + 2*r(m). Determine l(-8).
-2
Let p(x) be the second derivative of x**5/10 - x**4/12 + x**3/3 + 5*x**2/2 - 85*x - 4. Det